{"id":44,"date":"2021-09-15T08:26:15","date_gmt":"2021-09-15T11:26:15","guid":{"rendered":"https:\/\/www.rioverde.go.gov.br\/secretaria-de-saude\/?page_id=44"},"modified":"2021-09-16T10:28:16","modified_gmt":"2021-09-16T13:28:16","slug":"parceria-com-organizacoes-sociais","status":"publish","type":"page","link":"https:\/\/www.rioverde.go.gov.br\/secretaria-de-saude\/parceria-com-organizacoes-sociais\/","title":{"rendered":"Parceria com Organiza\u00e7\u00f5es Sociais"},"content":{"rendered":"\n<h2 class=\"has-text-align-center wp-block-heading\">Parceria com Organiza\u00e7\u00f5es Sociais<\/h2>\n\n\n\n<p class=\"has-text-align-center\"><strong>Portal das Organiza\u00e7\u00f5es Sociais com a Secretaria Municipal de Sa\u00fade.<\/strong><\/p>\n\n\n\n<div style=\"height:32px\" aria-hidden=\"true\" class=\"wp-block-spacer\"><\/div>\n\n\n\n<h3 class=\"wp-block-heading\">Selecione a op\u00e7\u00e3o desejada:<\/h3>\n\n\n\n<p><\/p>\n\n\n\n<div class=\"wp-block-columns is-layout-flex wp-container-core-columns-is-layout-28f84493 wp-block-columns-is-layout-flex\">\n<div class=\"wp-block-column is-layout-flow wp-block-column-is-layout-flow\">\n<a href=\"https:\/\/www.rioverde.go.gov.br\/secretaria-de-saude\/parceria-com-organizacoes-sociais\/chamamento-publico\/\"><img decoding=\"async\" src=\"https:\/\/www.rioverde.go.gov.br\/secretaria-de-saude\/wp-uploads\/sites\/10\/2021\/09\/buttons_os_chamamento.png\" style=\"width:105%;\"><\/a>\n<\/div>\n\n\n\n<div class=\"wp-block-column is-layout-flow wp-block-column-is-layout-flow\">\n<a href=\"https:\/\/www.rioverde.go.gov.br\/secretaria-de-saude\/parceria-com-organizacoes-sociais\/legislacao\/\"><img decoding=\"async\" src=\"https:\/\/www.rioverde.go.gov.br\/secretaria-de-saude\/wp-uploads\/sites\/10\/2021\/09\/buttons_os_legislacao.png\" style=\"width:105%;\"><\/a>\n<\/div>\n\n\n\n<div class=\"wp-block-column is-layout-flow wp-block-column-is-layout-flow\">\n<a href=\"https:\/\/www.rioverde.go.gov.br\/secretaria-de-saude\/organizacoes-sociais-qualificadas\/\"><img decoding=\"async\" src=\"https:\/\/www.rioverde.go.gov.br\/secretaria-de-saude\/wp-uploads\/sites\/10\/2021\/09\/buttons_os_qualificadas.png\" style=\"width:105%;\"><\/a>\n<\/div>\n<\/div>\n\n\n\n<div style=\"height:100px\" aria-hidden=\"true\" class=\"wp-block-spacer\"><\/div>\n","protected":false},"excerpt":{"rendered":"","protected":false},"author":3,"featured_media":0,"parent":0,"menu_order":0,"comment_status":"closed","ping_status":"closed","template":"","meta":{"_acf_changed":false,"custom_icon_class":"","footnotes":""},"class_list":["post-44","page","type-page","status-publish","hentry"],"acf":[],"custom_icon_class":false,"tax_custom_icon_class":false,"default_custom_icon_class":"nmi-round-wysiwyg","singularTaxonomy":"P\u00e1gina","_links":{"self":[{"href":"https:\/\/www.rioverde.go.gov.br\/secretaria-de-saude\/wp-json\/wp\/v2\/pages\/44","targetHints":{"allow":["GET"]}}],"collection":[{"href":"https:\/\/www.rioverde.go.gov.br\/secretaria-de-saude\/wp-json\/wp\/v2\/pages"}],"about":[{"href":"https:\/\/www.rioverde.go.gov.br\/secretaria-de-saude\/wp-json\/wp\/v2\/types\/page"}],"author":[{"embeddable":true,"href":"https:\/\/www.rioverde.go.gov.br\/secretaria-de-saude\/wp-json\/wp\/v2\/users\/3"}],"replies":[{"embeddable":true,"href":"https:\/\/www.rioverde.go.gov.br\/secretaria-de-saude\/wp-json\/wp\/v2\/comments?post=44"}],"version-history":[{"count":38,"href":"https:\/\/www.rioverde.go.gov.br\/secretaria-de-saude\/wp-json\/wp\/v2\/pages\/44\/revisions"}],"predecessor-version":[{"id":226,"href":"https:\/\/www.rioverde.go.gov.br\/secretaria-de-saude\/wp-json\/wp\/v2\/pages\/44\/revisions\/226"}],"wp:attachment":[{"href":"https:\/\/www.rioverde.go.gov.br\/secretaria-de-saude\/wp-json\/wp\/v2\/media?parent=44"}],"curies":[{"name":"wp","href":"https:\/\/api.w.org\/{rel}","templated":true}]}}