{"id":176,"date":"2021-06-28T10:38:11","date_gmt":"2021-06-28T13:38:11","guid":{"rendered":"https:\/\/www.rioverde.go.gov.br\/amt\/?page_id=176"},"modified":"2021-06-29T08:21:35","modified_gmt":"2021-06-29T11:21:35","slug":"procedimento-para-adesao-ao-sistema-de-notificacao-eletronica-para-pessoa-juridica","status":"publish","type":"page","link":"https:\/\/www.rioverde.go.gov.br\/amt\/procedimento-para-adesao-ao-sistema-de-notificacao-eletronica\/procedimento-para-adesao-ao-sistema-de-notificacao-eletronica-para-pessoa-juridica\/","title":{"rendered":"SNE &#8211; Procedimento para ades\u00e3o ao Sistema de Notifica\u00e7\u00e3o Eletr\u00f4nica para Pessoa Jur\u00eddica"},"content":{"rendered":"\n<h2 class=\"wp-block-heading\">Procedimento para ades\u00e3o ao Sistema de Notifica\u00e7\u00e3o Eletr\u00f4nica para Pessoa Jur\u00eddica<\/h2>\n\n\n\n<div style=\"margin:20px;\"><\/div>\n\n\n\n<p>A Ag\u00eancia Municipal de Mobilidade e Tr\u00e2nsito de Rio Verde\/GO \u00e9 optante ao SNE, o que permite aos propriet\u00e1rios de ve\u00edculos automotores <strong>Pessoa Jur\u00eddica<\/strong> cadastrados receberem descontos de at\u00e9 40% nas suas infra\u00e7\u00f5es de tr\u00e2nsito, conforme garantido pelo \u00a71\u00ba do Art. 284 do C\u00f3digo de Tr\u00e2nsito Brasileiro.<\/p>\n\n\n\n<p>A ades\u00e3o ao sistema permite que a empresa propriet\u00e1ria dos ve\u00edculos cadastrados em seu CNPJ passe a ser comunicada eletronicamente acerca das notifica\u00e7\u00f5es de autua\u00e7\u00e3o e penalidade interestaduais, de responsabilidade de \u00f3rg\u00e3os autuadores optantes pelo&nbsp;Sistema de Notifica\u00e7\u00e3o Eletr\u00f4nica.<\/p>\n\n\n\n<p>O propriet\u00e1rio da empresa ou pessoa indicada por ele poder\u00e1 visualizar os detalhes de cada infra\u00e7\u00e3o e optar pelo seu reconhecimento. Desta forma, ser\u00e1 oferecido a ele a possibilidade de pagar a infra\u00e7\u00e3o com 40% de desconto.<\/p>\n\n\n\n<p>Para utilizar o SNE a pessoa jur\u00eddica deve possuir certificado digital acessar e acompanhar o site do Portal de Servi\u00e7os do Denatran: <a href=\"https:\/\/portalservicos.denatran.serpro.gov.br\/#\/\">https:\/\/portalservicos.denatran.serpro.gov.br\/#\/<\/a> realizando o login de acesso no gov.br.<\/p>\n\n\n\n<p>\u00c9 poss\u00edvel tamb\u00e9m na conta gov.br o cadastramento de pessoas que n\u00e3o pertencem diretamente a empresa para realizar este acesso e acompanhamento.<\/p>\n\n\n\n<p>Esse cadastro ocorre pela indica\u00e7\u00e3o de colaboradores, com instru\u00e7\u00f5es no link: <a href=\"http:\/\/faq-login-unico.servicos.gov.br\/en\/latest\/_perguntasdafaq\/cadastrocolaboradordocnpj.html\">http:\/\/faq-login-unico.servicos.gov.br\/en\/latest\/_perguntasdafaq\/cadastrocolaboradordocnpj.html<\/a> e o seu cadastro no sistema gov.br.<\/p>\n\n\n\n<p>Com a ades\u00e3o da empresa no sistema, todos os ve\u00edculos associados ao CNPJ s\u00e3o automaticamente inclu\u00eddos, o que torna mais f\u00e1cil a gest\u00e3o de grandes frotas.<\/p>\n\n\n\n<div class=\"wp-block-columns is-layout-flex wp-container-core-columns-is-layout-28f84493 wp-block-columns-is-layout-flex\">\n<div class=\"wp-block-column is-layout-flow wp-block-column-is-layout-flow\"><\/div>\n\n\n\n<div class=\"wp-block-column is-layout-flow wp-block-column-is-layout-flow\"><\/div>\n<\/div>\n\n\n\n<p>Para maiores informa\u00e7\u00f5es acesse o site&nbsp;<a href=\"https:\/\/sne.denatran.serpro.gov.br\/#\/\" target=\"_blank\" rel=\"noreferrer noopener\">https:\/\/sne.denatran.serpro.gov.br\/#\/<\/a><\/p>\n","protected":false},"excerpt":{"rendered":"","protected":false},"author":3,"featured_media":0,"parent":142,"menu_order":0,"comment_status":"closed","ping_status":"closed","template":"","meta":{"_acf_changed":false,"custom_icon_class":"","footnotes":""},"class_list":["post-176","page","type-page","status-publish","hentry"],"acf":[],"custom_icon_class":false,"tax_custom_icon_class":false,"default_custom_icon_class":"nmi-round-wysiwyg","singularTaxonomy":"P\u00e1gina","_links":{"self":[{"href":"https:\/\/www.rioverde.go.gov.br\/amt\/wp-json\/wp\/v2\/pages\/176","targetHints":{"allow":["GET"]}}],"collection":[{"href":"https:\/\/www.rioverde.go.gov.br\/amt\/wp-json\/wp\/v2\/pages"}],"about":[{"href":"https:\/\/www.rioverde.go.gov.br\/amt\/wp-json\/wp\/v2\/types\/page"}],"author":[{"embeddable":true,"href":"https:\/\/www.rioverde.go.gov.br\/amt\/wp-json\/wp\/v2\/users\/3"}],"replies":[{"embeddable":true,"href":"https:\/\/www.rioverde.go.gov.br\/amt\/wp-json\/wp\/v2\/comments?post=176"}],"version-history":[{"count":8,"href":"https:\/\/www.rioverde.go.gov.br\/amt\/wp-json\/wp\/v2\/pages\/176\/revisions"}],"predecessor-version":[{"id":194,"href":"https:\/\/www.rioverde.go.gov.br\/amt\/wp-json\/wp\/v2\/pages\/176\/revisions\/194"}],"up":[{"embeddable":true,"href":"https:\/\/www.rioverde.go.gov.br\/amt\/wp-json\/wp\/v2\/pages\/142"}],"wp:attachment":[{"href":"https:\/\/www.rioverde.go.gov.br\/amt\/wp-json\/wp\/v2\/media?parent=176"}],"curies":[{"name":"wp","href":"https:\/\/api.w.org\/{rel}","templated":true}]}}